+ 2 = -4*z. Let g(s) = 40*s**2 + 9*s - 40. Is g(v) composite?
False
Let p be 8/(-44) + (-707)/(-77) + 5. Let h(u) = 15 + 26 + 9*u + 55*u. Is h(p) composite?
False
Is (-67 + (-50)/8 + 13/52)*-941 a composite number?
True
Let c(t) = 8358*t + 3392. Is c(23) a prime number?
False
Let v(r) = 559*r**2 + 120*r - 62. Is v(-43) prime?
False
Suppose -26*w + 84101 + 223193 = 0. Is w composite?
True
Let n be 3/(175/(-21) - -8). Is ((-6)/(-4)*-2)/(n/933) a composite number?
False
Suppose 0 = 9*x - 0*x - 1908. Suppose -x = -4*f - 28. Suppose -25*o = -24*o - f. Is o a composite number?
True
Let o(c) = -149799*c - 8. Is o(-1) prime?
True
Suppose -4*y = 4*y - 64696. Let l = y + 7314. Is l a prime number?
True
Let w be ((-136)/51)/(3/9 - 1). Suppose -n + k = -4276, -w*k = -4*n - k + 17099. Is n prime?
True
Let d be (-136)/(-36) + (5 - 43/9). Is (0 - d - -3)/((-4)/3412) prime?
True
Let h be (-680)/102*3234/4. Let o = h + 8124. Is o a composite number?
True
Let a = -1919232 + 2809005. Is a a prime number?
False
Suppose 4*q - 9*q - 3 = p, 0 = -2*q + 2*p + 6. Is (1/3 - q)*1760721/43 composite?
False
Let a be (19/(-4))/(4/(-48)*3). Suppose a*i - 10324 = 15*i + n, -4*i + 4*n + 10324 = 0. Is i a prime number?
False
Suppose 2*a - 4*a + 52 = 0. Suppose a*v - 24*v = 4. Is (5/(15/9582))/(v/1) prime?
True
Let v = -20 - -21. Let z(f) = 840*f**3 - 3*f + 2. Let y be z(v). Suppose 6*w + y = 2483. Is w composite?
True
Suppose -115*f + 9039890 = 2547795. Is f prime?
True
Let i(v) = 498*v**2 - 81*v - 670. Is i(-17) a prime number?
True
Is (4/2 + 1 + 0)*24118759/2037 composite?
False
Let i(f) = -f**2 - f + 18. Let q be i(-5). Let z(k) = -13*k**2 - 4*k + 11. Let u be z(4). Is (q - u)*-1*-1 prime?
True
Let n be -3 - (4 - 5) - (-15)/3. Suppose -2*f - 2*u + 11906 = 0, 5*f = f + n*u + 23812. Is f prime?
True
Suppose -9*a + 14*a = 4*d + 41963, 25171 = 3*a + d. Suppose -10*b + a = -2279. Is b composite?
True
Suppose 15 = 22*m - 17*m. Suppose m*i - 290 = 274. Let l = i - 79. Is l prime?
True
Let d(i) = 29731*i**2 + 9207*i**2 - 20 + 0*i - 8*i - 8*i + 5. Is d(-1) a prime number?
False
Suppose -5*r = 3*h - 2*r - 1182, -3*r = 4*h - 1581. Suppose 5*n = 4*b - h, -2 = n - 3. Suppose -b - 173 = -3*v + m, -m - 88 = -v. Is v a prime number?
False
Let l(n) = -4*n + 15. Let v be l(10). Let k = v - -17. Let p = 207 + k. Is p prime?
True
Let y be 22087 + (-5)/10*4. Suppose -3*z - y = -10*z. Is z prime?
False
Suppose 3*l - 5 + 14 = 0. Let w be 1/l + (-32)/(-6). Suppose m - 3*m + 1248 = -2*r, 3*m + w*r = 1864. Is m a prime number?
False
Let x = -11 - -30. Let l = -14 + x. Suppose -12180 = -l*m - p, -4*p + 6 = 26. Is m prime?
True
Let a = 3961 + 2101. Suppose -1962 = -8*n + a. Is n a composite number?
True
Let z = 9124 - 894. Is (-33 - z)/((-2)/2) composite?
False
Suppose 9*d = 36*d - 89000 - 108586. Is d composite?
True
Suppose 16*v - 2582061 = 59496 - 392101. Is v a composite number?
True
Let p(w) = 5*w**2 + 9*w + 15. Let a(q) = -q**2 - 11*q - 43. Let g be a(-13). Let m = g + 53. Is p(m) a prime number?
True
Let r(y) = y**3 + 6*y**2 - 11*y - 5. Let m be r(-7). Suppose 0*f + f + m = 5*o, 5*o = -4*f + 33. Suppose -f*v + 2551 = v - 2*p, 0 = -p + 4. Is v prime?
True
Suppose -g = -0*g - 2*u + 200, 4*u = 3*g + 596. Let q be 2/15 + g/(-105). Suppose -q*w = -1315 - 39. Is w a prime number?
True
Suppose -240073 + 996276 = 59*w. Is w a composite number?
True
Let l = 129 + -127. Suppose 8 = l*j, 5*t + 335 - 2008 = 3*j. Is t a composite number?
False
Suppose 10718 = 5*k + 3*l - 13725, 24442 = 5*k + 2*l. Suppose 5*v = 20142 + k. Is v composite?
True
Suppose -3*y - 2401017 + 346854 = -r, -r + y = -2054147. Is r a composite number?
True
Let j(u) = -474*u + 59. Let r be j(-9). Let s = -2082 + r. Is s a composite number?
False
Let m = -576035 - -1019506. Is m composite?
True
Let v be (-1)/3 - 525/45. Let r = v - -15. Suppose -r = o - 6, 2220 = 5*b - 5*o. Is b prime?
False
Let v(o) = 1566*o + 2935. Is v(4) a prime number?
True
Let g be 11741/7 - (-2)/(-7). Let l = 3155 - g. Suppose 6*m = 2*m - 5*u + l, -4*u = m - 375. Is m composite?
False
Is (-52)/(-598) + 107661265/115 composite?
True
Suppose 4*l + 207*g - 209*g = 1300508, 4*l + g - 1300520 = 0. Is l composite?
True
Suppose 44 = 7*k + 4*k. Suppose k*l - 85784 = -4*l. Is l composite?
False
Let u(s) be the third derivative of s**6/30 - s**5/4 - 9*s**4/8 + 11*s**3/2 - 121*s**2. Is u(10) prime?
False
Let c(w) = -24*w + 19. Let k(u) = 47*u - 38. Let n(z) = -11*c(z) - 6*k(z). Is n(-6) prime?
True
Let x(f) = 544*f**2 + 79*f + 408. Is x(-5) a composite number?
False
Let c(k) = 2*k - 17. Let w be c(3). Let m(z) = -5*z**3 - 14*z**2 + 22*z + 10. Is m(w) a prime number?
True
Let n(a) = -a**3 - 17*a**2 + 49*a - 20. Is n(-49) a composite number?
False
Let w = 71943 + -27542. Is w composite?
True
Let z = 35 + -27. Let j be 3/((-18)/(-1840))*(-2 + z). Is (j - -4) + 4 + -1 composite?
False
Let j(a) be the second derivative of -a**7/420 + a**6/90 + a**5/20 + 17*a**4/24 - 14*a**3/3 - 8*a. Let p(m) be the second derivative of j(m). Is p(-8) prime?
True
Let t(b) = 466*b - 2. Let y be t(1). Let l = -235 + y. Suppose 3*a = l + 1394. Is a a prime number?
True
Suppose 15*a - 393934 = 153446. Suppose -3*t - 9139 = -9*y + 8*y, 4*y + 4*t - a = 0. Is y composite?
False
Let x(q) = q**3 - 3*q**2 + 2*q - 2. Let m be x(2). Let w(o) = 2*o**2 - 4*o - 6. Let j be w(m). Let b(z) = z**2 - 2*z + 47. Is b(j) a composite number?
False
Suppose 0 = -2*i - 5*m + 83765, -5*i - 2*m + 6*m = -209429. Is i composite?
True
Suppose -20 = -4*y, 3*y - 99681 = 3*p + 6*y. Let o = p + 56459. Is o a composite number?
False
Let b(h) = -2*h**3 + 14*h**2 - 27*h - 11. Let a be (26/(-3) - -1) + (-85)/(-51). Is b(a) composite?
False
Let i = 58 + -55. Suppose i*z = 2*t + 10 - 2, 5*t = -z + 14. Suppose 3*h - 3*f = 12969, -h + f - 12985 = -z*h. Is h a prime number?
True
Suppose -3*f = -9*f + 41658. Suppose 0 = 14*y - 52851 - f. Is y a composite number?
False
Suppose 6*x - 54518 = 5*x + a, 3*x + 4*a - 163575 = 0. Is x composite?
False
Suppose 3*t - 4*q - 702539 = 0, 0 = 28*t - 30*t - 5*q + 468344. Is t a composite number?
True
Let b(k) = -2*k**3 - k**2 + 20*k + 20. Let s = -134 - -216. Let i = s + -89. Is b(i) a prime number?
False
Let q = 341643 + -88820. Is q prime?
True
Let g = -509 + 519. Suppose -g*n + 27282 = -73028. Is n prime?
False
Let a = 93354 + -58656. Suppose -12*b = -a - 2250. Is b composite?
False
Let y(a) = -2*a**3 - 16*a**2 - 23*a - 16. Let z = 122 - 135. Is y(z) a prime number?
True
Suppose 5*d + 4*q - 104478 = 3*d, 4*q = -3*d + 156715. Is d prime?
True
Suppose -2*i + 299181 = -5*p, -335216 - 412804 = -5*i - p. Is i composite?
False
Is (-3 + 637)/((-31976)/3199 + 10) a prime number?
False
Suppose -10*z = 9*z - 1192628 - 1222709. Is z a prime number?
True
Suppose 131*r - 133*r - 10 = 0, 4*m + 3*r - 76109 = 0. Is m prime?
True
Suppose -k - n + 0*n = 0, 2*k = 3*n. Suppose -11*w + 12*w - 8663 = k. Is w a prime number?
True
Suppose 48*k - 54*k + 45456 = 0. Is ((-33)/44)/((-22731)/k - -3) prime?
False
Let k(x) = x**2 + x + 83. Let t(y) = -y**2 - 2*y + 8. Let w(z) = z - 18. Let p be w(14). Let u be t(p). Is k(u) a composite number?
False
Let q = 146310 - 38669. Is q a prime number?
True
Let a = 43 - 42. Let v be ((-4)/6)/(a/3). Is -4 + 274 - 3 - v a prime number?
True
Suppose n - 5*n + 35 = 5*y, -4*y - 4*n + 32 = 0. Suppose 2*o = i - 8, -4*i + 11 - y = -2*o. Suppose i = 12*v - 10*v - 2282. Is v composite?
True
Let n(c) = -144 - 67 + 133*c + 1 - 597*c - 7. Is n(-21) prime?
False
Let w(g) = -4*g**2 + 6*g + 113561. Is w(0) a prime number?
False
Let j(z) = -z**2 + 13*z + 32. Let c be j(15). Suppose -4*w = 4*v - 0 + 4, c*v + 4 = -4*w. Suppose v*n - 3278 = -2*n. Is n a prime number?
False
Let a(r) = -780*r + 5. Let k be a(9). Let i = k + 13614. Is i a composite number?
False
Let u = 46263 - 17902. Is u a composite number?
True
Suppose -41047 = 5*v + 5*n + 10198, 0 = -2*v - n - 20493. Is 5*(-21)/(-35) - v prime?
True
Suppose 120 = -3*p + 48. Let u(g) = g**3 + 36*g**2 - 4*g + 49. Is u(p) prime?
True
Let o(c) = 28258*c + 8011. Is o(7) composite?
False
Let w = 181 - 193. Let a(i) = 16*i**2 + 25. Is a(w) a composite number?
True
Suppose -b = -4*t + 6, -t + 2 = -2*b - 3. Let g(l) = -1284*l**2 - 4 + 4*l + 598*l**2 + 2283*l**2. Is g